{"id":3502,"date":"2023-10-09T15:49:59","date_gmt":"2023-10-09T12:49:59","guid":{"rendered":"https:\/\/www.vadizon.de\/?post_type=product&#038;p=3502"},"modified":"2025-10-07T11:17:24","modified_gmt":"2025-10-07T08:17:24","slug":"iris-troy-braeunlicher-farbverlauf-holzkommode-mit-drei-schubladen","status":"publish","type":"product","link":"https:\/\/vadizon.de\/index.php\/produkt\/iris-troy-braeunlicher-farbverlauf-holzkommode-mit-drei-schubladen\/","title":{"rendered":"Ir\u0131s Troy Br\u00e4unlicher Farbverlauf Holzkommode mit drei Schubladen"},"content":{"rendered":"<p>Material: SPERRHOLZ 1. QUALIT\u00c4T<\/p>\n<p>G\u00dcRGENHOLZBEINE<\/p>\n<p>PRODUKTMA\u00dfE: 80 X 40 X 89 CM<\/p>\n<p>GEWICHT: 38 KG.<\/p>\n","protected":false},"excerpt":{"rendered":"<p>Material: SPERRHOLZ 1. QUALIT\u00c4T G\u00dcRGENHOLZBEINE PRODUKTMA\u00dfE: 80 X 40 X 89 CM GEWICHT: 38 KG.<\/p>\n","protected":false},"featured_media":3711,"comment_status":"open","ping_status":"closed","template":"","meta":[],"product_brand":[],"product_cat":[33],"product_tag":[],"class_list":{"0":"post-3502","1":"product","2":"type-product","3":"status-publish","4":"has-post-thumbnail","6":"product_cat-moebel","8":"first","9":"instock","10":"shipping-taxable","11":"purchasable","12":"product-type-simple"},"_links":{"self":[{"href":"https:\/\/vadizon.de\/index.php\/wp-json\/wp\/v2\/product\/3502","targetHints":{"allow":["GET"]}}],"collection":[{"href":"https:\/\/vadizon.de\/index.php\/wp-json\/wp\/v2\/product"}],"about":[{"href":"https:\/\/vadizon.de\/index.php\/wp-json\/wp\/v2\/types\/product"}],"replies":[{"embeddable":true,"href":"https:\/\/vadizon.de\/index.php\/wp-json\/wp\/v2\/comments?post=3502"}],"version-history":[{"count":2,"href":"https:\/\/vadizon.de\/index.php\/wp-json\/wp\/v2\/product\/3502\/revisions"}],"predecessor-version":[{"id":4650,"href":"https:\/\/vadizon.de\/index.php\/wp-json\/wp\/v2\/product\/3502\/revisions\/4650"}],"wp:featuredmedia":[{"embeddable":true,"href":"https:\/\/vadizon.de\/index.php\/wp-json\/wp\/v2\/media\/3711"}],"wp:attachment":[{"href":"https:\/\/vadizon.de\/index.php\/wp-json\/wp\/v2\/media?parent=3502"}],"wp:term":[{"taxonomy":"product_brand","embeddable":true,"href":"https:\/\/vadizon.de\/index.php\/wp-json\/wp\/v2\/product_brand?post=3502"},{"taxonomy":"product_cat","embeddable":true,"href":"https:\/\/vadizon.de\/index.php\/wp-json\/wp\/v2\/product_cat?post=3502"},{"taxonomy":"product_tag","embeddable":true,"href":"https:\/\/vadizon.de\/index.php\/wp-json\/wp\/v2\/product_tag?post=3502"}],"curies":[{"name":"wp","href":"https:\/\/api.w.org\/{rel}","templated":true}]}}