{"id":2115,"date":"2023-10-02T22:35:19","date_gmt":"2023-10-02T19:35:19","guid":{"rendered":"https:\/\/www.vadizon.de\/?post_type=product&#038;p=2115"},"modified":"2023-10-12T14:50:00","modified_gmt":"2023-10-12T11:50:00","slug":"iris-ornella-ahsap-retro-kus-cizimli-aynali-beyaz-tek-kapakli-portmanto","status":"publish","type":"product","link":"https:\/\/vadizon.de\/index.php\/produkt\/iris-ornella-ahsap-retro-kus-cizimli-aynali-beyaz-tek-kapakli-portmanto\/","title":{"rendered":"Ir\u0131s Ornella Holzschrank mit einem wei\u00dfen Spiegel und einer T\u00fcr mit Retro-Vogelzeichnung"},"content":{"rendered":"<p>Material: SPERRHOLZ 1. QUALIT\u00c4T<\/p>\n<p>PLASTIKBEINE<\/p>\n<p>PRODUKTMA\u00dfE: 100 X 36 X 190 CM<\/p>\n<p>GEWICHT: 56 KG.<\/p>\n","protected":false},"excerpt":{"rendered":"<p>Material: SPERRHOLZ 1. QUALIT\u00c4T PLASTIKBEINE PRODUKTMA\u00dfE: 100 X 36 X 190 CM GEWICHT: 56 KG.<\/p>\n","protected":false},"featured_media":2403,"comment_status":"open","ping_status":"closed","template":"","meta":[],"product_brand":[],"product_cat":[33],"product_tag":[],"class_list":{"0":"post-2115","1":"product","2":"type-product","3":"status-publish","4":"has-post-thumbnail","6":"product_cat-moebel","8":"first","9":"instock","10":"shipping-taxable","11":"purchasable","12":"product-type-simple"},"_links":{"self":[{"href":"https:\/\/vadizon.de\/index.php\/wp-json\/wp\/v2\/product\/2115","targetHints":{"allow":["GET"]}}],"collection":[{"href":"https:\/\/vadizon.de\/index.php\/wp-json\/wp\/v2\/product"}],"about":[{"href":"https:\/\/vadizon.de\/index.php\/wp-json\/wp\/v2\/types\/product"}],"replies":[{"embeddable":true,"href":"https:\/\/vadizon.de\/index.php\/wp-json\/wp\/v2\/comments?post=2115"}],"version-history":[{"count":3,"href":"https:\/\/vadizon.de\/index.php\/wp-json\/wp\/v2\/product\/2115\/revisions"}],"predecessor-version":[{"id":4495,"href":"https:\/\/vadizon.de\/index.php\/wp-json\/wp\/v2\/product\/2115\/revisions\/4495"}],"wp:featuredmedia":[{"embeddable":true,"href":"https:\/\/vadizon.de\/index.php\/wp-json\/wp\/v2\/media\/2403"}],"wp:attachment":[{"href":"https:\/\/vadizon.de\/index.php\/wp-json\/wp\/v2\/media?parent=2115"}],"wp:term":[{"taxonomy":"product_brand","embeddable":true,"href":"https:\/\/vadizon.de\/index.php\/wp-json\/wp\/v2\/product_brand?post=2115"},{"taxonomy":"product_cat","embeddable":true,"href":"https:\/\/vadizon.de\/index.php\/wp-json\/wp\/v2\/product_cat?post=2115"},{"taxonomy":"product_tag","embeddable":true,"href":"https:\/\/vadizon.de\/index.php\/wp-json\/wp\/v2\/product_tag?post=2115"}],"curies":[{"name":"wp","href":"https:\/\/api.w.org\/{rel}","templated":true}]}}