{"id":1709,"date":"2023-10-02T21:23:58","date_gmt":"2023-10-02T18:23:58","guid":{"rendered":"https:\/\/www.vadizon.de\/?post_type=product&#038;p=1709"},"modified":"2023-10-12T14:49:46","modified_gmt":"2023-10-12T11:49:46","slug":"52211-solar-gluehbirne-4er-pack-zum-aufhaengen","status":"publish","type":"product","link":"https:\/\/vadizon.de\/index.php\/produkt\/52211-solar-gluehbirne-4er-pack-zum-aufhaengen\/","title":{"rendered":"52211 Solar-Gl\u00fchbirne, 4er-Pack zum Aufh\u00e4ngen"},"content":{"rendered":"<p>52211 Solar Gl\u00fchlampe, 4er-Pack mit Aufh\u00e4ngung<\/p>\n","protected":false},"excerpt":{"rendered":"<p>52211 Solar Gl\u00fchlampe, 4er-Pack mit Aufh\u00e4ngung<\/p>\n","protected":false},"featured_media":1877,"comment_status":"open","ping_status":"closed","template":"","meta":[],"product_brand":[],"product_cat":[23],"product_tag":[],"class_list":{"0":"post-1709","1":"product","2":"type-product","3":"status-publish","4":"has-post-thumbnail","6":"product_cat-solar","8":"first","9":"outofstock","10":"sale","11":"shipping-taxable","12":"purchasable","13":"product-type-simple"},"_links":{"self":[{"href":"https:\/\/vadizon.de\/index.php\/wp-json\/wp\/v2\/product\/1709","targetHints":{"allow":["GET"]}}],"collection":[{"href":"https:\/\/vadizon.de\/index.php\/wp-json\/wp\/v2\/product"}],"about":[{"href":"https:\/\/vadizon.de\/index.php\/wp-json\/wp\/v2\/types\/product"}],"replies":[{"embeddable":true,"href":"https:\/\/vadizon.de\/index.php\/wp-json\/wp\/v2\/comments?post=1709"}],"version-history":[{"count":2,"href":"https:\/\/vadizon.de\/index.php\/wp-json\/wp\/v2\/product\/1709\/revisions"}],"predecessor-version":[{"id":4419,"href":"https:\/\/vadizon.de\/index.php\/wp-json\/wp\/v2\/product\/1709\/revisions\/4419"}],"wp:featuredmedia":[{"embeddable":true,"href":"https:\/\/vadizon.de\/index.php\/wp-json\/wp\/v2\/media\/1877"}],"wp:attachment":[{"href":"https:\/\/vadizon.de\/index.php\/wp-json\/wp\/v2\/media?parent=1709"}],"wp:term":[{"taxonomy":"product_brand","embeddable":true,"href":"https:\/\/vadizon.de\/index.php\/wp-json\/wp\/v2\/product_brand?post=1709"},{"taxonomy":"product_cat","embeddable":true,"href":"https:\/\/vadizon.de\/index.php\/wp-json\/wp\/v2\/product_cat?post=1709"},{"taxonomy":"product_tag","embeddable":true,"href":"https:\/\/vadizon.de\/index.php\/wp-json\/wp\/v2\/product_tag?post=1709"}],"curies":[{"name":"wp","href":"https:\/\/api.w.org\/{rel}","templated":true}]}}