{"id":1677,"date":"2023-10-02T21:21:16","date_gmt":"2023-10-02T18:21:16","guid":{"rendered":"https:\/\/www.vadizon.de\/?post_type=product&#038;p=1677"},"modified":"2023-10-12T14:49:45","modified_gmt":"2023-10-12T11:49:45","slug":"dlc-plasma-kamin-91cm-9-farben-schwarz-holz-und-kristalleffekt-1800-watt-stehend","status":"publish","type":"product","link":"https:\/\/vadizon.de\/index.php\/produkt\/dlc-plasma-kamin-91cm-9-farben-schwarz-holz-und-kristalleffekt-1800-watt-stehend\/","title":{"rendered":"Dlc Plasma-Kamin 91cm 9 Farben Schwarz Holz- und Kristalleffekt 1800 Watt + Stehend"},"content":{"rendered":"<p>Dieser Kamin wird die Atmosph\u00e4re in Ihrem Zuhause von dem Moment an, an dem er installiert ist, sowohl physisch als auch visuell auf au\u00dfergew\u00f6hnliche Weise bereichern. In den Wintermonaten k\u00f6nnen Sie die Temperatur einstellen und nachts die visuelle Wirkung erh\u00f6hen, um in Ruhe zu entspannen. Im Sommer k\u00f6nnen Sie die Temperatur ausschalten und sich mit dem visuellen Effekt allein eine einzigartige Ruhe g\u00f6nnen. Kurz gesagt, indem Sie unseren Kamin kaufen, k\u00f6nnen Sie nicht nur Ihren W\u00e4rmebedarf decken, sondern auch ein visuelles Fest f\u00fcr Ihr Zuhause schaffen, von dem Sie nicht genug bekommen k\u00f6nnen. Unser Produkt hat eine 2-j\u00e4hrige Garantie. Eine Montageanleitung liegt der Box bei. Die Installation ist sehr einfach. Unser Produkt kann als Einbaukamin, Aufbaukamin oder Standkamin verwendet werden.<\/p>\n<p>Technische Daten:<\/p>\n<p>Metallgeh\u00e4use &#8211; Schwarzes geh\u00e4rtetes Glas<br \/>\nHolz- oder Kristalleffekt<br \/>\nFernbedienung<br \/>\nTouchscreen<br \/>\n2-stufige 900W\/1800W Heizungseinstellung<br \/>\n9 verschiedene Farboptionen<br \/>\nDigitales Display<br \/>\nEinstellbarer LED-Flammeneffekt<br \/>\nThermostatsystem<br \/>\nZeitschaltung<br \/>\nABMESSUNGEN: BREITE: 91,5 CM, H\u00d6HE: 54,5 CM, TIEFE: 14,5 CM<br \/>\nEinbaukamin-Montage: Breite: 83,5 CM, H\u00f6he: 51,5 CM, Tiefe: 13,5 CM<br \/>\nGEWICHT: 17,5 KG<\/p>\n","protected":false},"excerpt":{"rendered":"<p>Dieser Kamin wird die Atmosph\u00e4re in Ihrem Zuhause von dem Moment an, an dem er installiert ist, sowohl physisch als<\/p>\n","protected":false},"featured_media":1816,"comment_status":"open","ping_status":"closed","template":"","meta":[],"product_brand":[],"product_cat":[31],"product_tag":[],"class_list":{"0":"post-1677","1":"product","2":"type-product","3":"status-publish","4":"has-post-thumbnail","6":"product_cat-kamin","8":"first","9":"instock","10":"shipping-taxable","11":"purchasable","12":"product-type-simple"},"_links":{"self":[{"href":"https:\/\/vadizon.de\/index.php\/wp-json\/wp\/v2\/product\/1677","targetHints":{"allow":["GET"]}}],"collection":[{"href":"https:\/\/vadizon.de\/index.php\/wp-json\/wp\/v2\/product"}],"about":[{"href":"https:\/\/vadizon.de\/index.php\/wp-json\/wp\/v2\/types\/product"}],"replies":[{"embeddable":true,"href":"https:\/\/vadizon.de\/index.php\/wp-json\/wp\/v2\/comments?post=1677"}],"version-history":[{"count":2,"href":"https:\/\/vadizon.de\/index.php\/wp-json\/wp\/v2\/product\/1677\/revisions"}],"predecessor-version":[{"id":4411,"href":"https:\/\/vadizon.de\/index.php\/wp-json\/wp\/v2\/product\/1677\/revisions\/4411"}],"wp:featuredmedia":[{"embeddable":true,"href":"https:\/\/vadizon.de\/index.php\/wp-json\/wp\/v2\/media\/1816"}],"wp:attachment":[{"href":"https:\/\/vadizon.de\/index.php\/wp-json\/wp\/v2\/media?parent=1677"}],"wp:term":[{"taxonomy":"product_brand","embeddable":true,"href":"https:\/\/vadizon.de\/index.php\/wp-json\/wp\/v2\/product_brand?post=1677"},{"taxonomy":"product_cat","embeddable":true,"href":"https:\/\/vadizon.de\/index.php\/wp-json\/wp\/v2\/product_cat?post=1677"},{"taxonomy":"product_tag","embeddable":true,"href":"https:\/\/vadizon.de\/index.php\/wp-json\/wp\/v2\/product_tag?post=1677"}],"curies":[{"name":"wp","href":"https:\/\/api.w.org\/{rel}","templated":true}]}}