{"id":1524,"date":"2023-10-02T21:08:44","date_gmt":"2023-10-02T18:08:44","guid":{"rendered":"https:\/\/www.vadizon.de\/?post_type=product&#038;p=1524"},"modified":"2023-10-12T14:49:39","modified_gmt":"2023-10-12T11:49:39","slug":"dlc-dekorativer-schwarzer-mini-kamin","status":"publish","type":"product","link":"https:\/\/vadizon.de\/index.php\/produkt\/dlc-dekorativer-schwarzer-mini-kamin\/","title":{"rendered":"DLC Dekorativer Schwarzer Mini-Kamin"},"content":{"rendered":"<p>Schwarz in Farbe und mit einem eleganten Design ist es dekorativ. Es sorgt f\u00fcr die perfekte Temperatur an kalten Wintertagen und schafft eine gem\u00fctliche und komfortable Atmosph\u00e4re im Raum.<br \/>\nDas Mini-Design nimmt wenig Platz ein.<br \/>\nMaterial: Metall<br \/>\nWatt: 900W \/ 1800W,<br \/>\nDimmer-Funktion,<br \/>\nKippsicherheit,<br \/>\nLampe: LED-Lampe<br \/>\nHeizt durchschnittlich 18 m\u00b2 Fl\u00e4che.<br \/>\nAbmessungen:<br \/>\nBreite: 41 cm<br \/>\nL\u00e4nge: 25 cm<br \/>\nH\u00f6he: 54 cm<br \/>\nGewicht: 17,2 kg<\/p>\n","protected":false},"excerpt":{"rendered":"<p>Schwarz in Farbe und mit einem eleganten Design ist es dekorativ. Es sorgt f\u00fcr die perfekte Temperatur an kalten Wintertagen<\/p>\n","protected":false},"featured_media":1580,"comment_status":"open","ping_status":"closed","template":"","meta":[],"product_brand":[],"product_cat":[31],"product_tag":[],"class_list":{"0":"post-1524","1":"product","2":"type-product","3":"status-publish","4":"has-post-thumbnail","6":"product_cat-kamin","8":"first","9":"outofstock","10":"shipping-taxable","11":"purchasable","12":"product-type-simple"},"_links":{"self":[{"href":"https:\/\/vadizon.de\/index.php\/wp-json\/wp\/v2\/product\/1524","targetHints":{"allow":["GET"]}}],"collection":[{"href":"https:\/\/vadizon.de\/index.php\/wp-json\/wp\/v2\/product"}],"about":[{"href":"https:\/\/vadizon.de\/index.php\/wp-json\/wp\/v2\/types\/product"}],"replies":[{"embeddable":true,"href":"https:\/\/vadizon.de\/index.php\/wp-json\/wp\/v2\/comments?post=1524"}],"version-history":[{"count":2,"href":"https:\/\/vadizon.de\/index.php\/wp-json\/wp\/v2\/product\/1524\/revisions"}],"predecessor-version":[{"id":4367,"href":"https:\/\/vadizon.de\/index.php\/wp-json\/wp\/v2\/product\/1524\/revisions\/4367"}],"wp:featuredmedia":[{"embeddable":true,"href":"https:\/\/vadizon.de\/index.php\/wp-json\/wp\/v2\/media\/1580"}],"wp:attachment":[{"href":"https:\/\/vadizon.de\/index.php\/wp-json\/wp\/v2\/media?parent=1524"}],"wp:term":[{"taxonomy":"product_brand","embeddable":true,"href":"https:\/\/vadizon.de\/index.php\/wp-json\/wp\/v2\/product_brand?post=1524"},{"taxonomy":"product_cat","embeddable":true,"href":"https:\/\/vadizon.de\/index.php\/wp-json\/wp\/v2\/product_cat?post=1524"},{"taxonomy":"product_tag","embeddable":true,"href":"https:\/\/vadizon.de\/index.php\/wp-json\/wp\/v2\/product_tag?post=1524"}],"curies":[{"name":"wp","href":"https:\/\/api.w.org\/{rel}","templated":true}]}}