{"id":1520,"date":"2023-10-02T21:08:44","date_gmt":"2023-10-02T18:08:44","guid":{"rendered":"https:\/\/www.vadizon.de\/?post_type=product&#038;p=1520"},"modified":"2025-10-07T11:16:29","modified_gmt":"2025-10-07T08:16:29","slug":"dlc-deko-kamin-innenmodul","status":"publish","type":"product","link":"https:\/\/vadizon.de\/index.php\/produkt\/dlc-deko-kamin-innenmodul\/","title":{"rendered":"DLC Deko Kamin Innenmodul"},"content":{"rendered":"<p>Mit seinem eleganten Design ist es dekorativ. Es bietet an kalten Wintertagen perfekte W\u00e4rme und schafft eine gem\u00fctliche und komfortable Atmosph\u00e4re im Raum.<br \/>\nDank der Fernbedienung k\u00f6nnen Sie es bequem von Ihrem Platz aus steuern. Im Sommer k\u00f6nnen Sie auch das Flammen- und Holzeffekt genie\u00dfen, ohne den Ventilator einzuschalten.<br \/>\n&#8211; MATERIAL: METALL<br \/>\n&#8211; FLAMMEN- UND HOLZEFFEKT<br \/>\n&#8211; WATT: 900W \/ 1800W<br \/>\n&#8211; MIT FERNBEDIENUNG<br \/>\n&#8211; LEUCHTMITTEL: 5W LED<br \/>\n&#8211; ABMESSUNGEN: Breite: 70cm, H\u00f6he: 55cm, Tiefe: 25cm<br \/>\n&#8211; GEWICHT: 15KG<br \/>\n&#8211; HEIZT DURCHSCHNITTLICH 18 M\u00b2 FL\u00c4CHE.<\/p>\n","protected":false},"excerpt":{"rendered":"<p>Mit seinem eleganten Design ist es dekorativ. Es bietet an kalten Wintertagen perfekte W\u00e4rme und schafft eine gem\u00fctliche und komfortable<\/p>\n","protected":false},"featured_media":1552,"comment_status":"open","ping_status":"closed","template":"","meta":[],"product_brand":[],"product_cat":[31],"product_tag":[],"class_list":{"0":"post-1520","1":"product","2":"type-product","3":"status-publish","4":"has-post-thumbnail","6":"product_cat-kamin","8":"first","9":"instock","10":"shipping-taxable","11":"purchasable","12":"product-type-simple"},"_links":{"self":[{"href":"https:\/\/vadizon.de\/index.php\/wp-json\/wp\/v2\/product\/1520","targetHints":{"allow":["GET"]}}],"collection":[{"href":"https:\/\/vadizon.de\/index.php\/wp-json\/wp\/v2\/product"}],"about":[{"href":"https:\/\/vadizon.de\/index.php\/wp-json\/wp\/v2\/types\/product"}],"replies":[{"embeddable":true,"href":"https:\/\/vadizon.de\/index.php\/wp-json\/wp\/v2\/comments?post=1520"}],"version-history":[{"count":2,"href":"https:\/\/vadizon.de\/index.php\/wp-json\/wp\/v2\/product\/1520\/revisions"}],"predecessor-version":[{"id":4363,"href":"https:\/\/vadizon.de\/index.php\/wp-json\/wp\/v2\/product\/1520\/revisions\/4363"}],"wp:featuredmedia":[{"embeddable":true,"href":"https:\/\/vadizon.de\/index.php\/wp-json\/wp\/v2\/media\/1552"}],"wp:attachment":[{"href":"https:\/\/vadizon.de\/index.php\/wp-json\/wp\/v2\/media?parent=1520"}],"wp:term":[{"taxonomy":"product_brand","embeddable":true,"href":"https:\/\/vadizon.de\/index.php\/wp-json\/wp\/v2\/product_brand?post=1520"},{"taxonomy":"product_cat","embeddable":true,"href":"https:\/\/vadizon.de\/index.php\/wp-json\/wp\/v2\/product_cat?post=1520"},{"taxonomy":"product_tag","embeddable":true,"href":"https:\/\/vadizon.de\/index.php\/wp-json\/wp\/v2\/product_tag?post=1520"}],"curies":[{"name":"wp","href":"https:\/\/api.w.org\/{rel}","templated":true}]}}